 units digit of x(r)?
9
Let w = 154 + 59. What is the units digit of w?
3
Suppose 0 = -a - 3*a + 3*r + 145, 3*r = -9. What is the units digit of a?
4
Let k = 5 + -5. Suppose 38 = q + 4*u, q + 3*u - 11 - 24 = k. Let j = q - 8. What is the tens digit of j?
1
Let t(v) = -v + 1. Let a be t(5). Let y = -2 - a. What is the units digit of (y/4)/((-4)/(-24))?
3
Let s = 5 - -1. Let v be (s/9)/(2/6). What is the units digit of 4/v + (0 - 1)?
1
Let t be (-6)/(-10) + 40/(-25). What is the units digit of (48/14)/(t/(-7))?
4
Let f be (-455)/25 - 1/(-5). What is the tens digit of f*(-3)/(-3)*-1?
1
Let c(a) = a. Let i be c(-8). Let h = i - -18. What is the tens digit of h?
1
Let a(p) be the second derivative of -p**4/12 + 4*p**3/3 + 7*p**2/2 + 5*p. What is the units digit of a(7)?
4
Let q = -14 + -1. What is the units digit of (-1)/(-3) + (-70)/q?
5
Let q(i) = i**2 - 2*i - 1. Let x be q(-1). Let o be (-2 - 4) + 4/x. Let r = o - -5. What is the units digit of r?
1
Let k be (15/(-9))/((-2)/(-6)). What is the units digit of 1 - (1*k - -2)?
4
Let r(v) = -89*v + 4. What is the tens digit of r(-1)?
9
Let k(f) = -f**3 - 7*f**2 - 7*f - 5. Let u = 5 + -11. What is the units digit of k(u)?
1
Suppose 4*s + 33 = -7. Let f = s - -13. What is the units digit of f?
3
Let p = 33 + -13. Let g = -12 + p. What is the units digit of g?
8
Let o(q) = q + 5. Let z be o(-5). Suppose z = 3*g - 1 - 5. Suppose 2*w = -g*w + 32. What is the units digit of w?
8
Suppose 483 = 18*p - 417. What is the units digit of p?
0
What is the hundreds digit of 9/(9/(-4)) + 193 + -3?
1
Suppose -2*m = r - 0*m - 5, 2*m - 4 = 0. What is the units digit of r?
1
Let c(b) = -41*b**3 + b**2. Let j be c(-1). Let q(h) = h**3 - 23*h**2 - 6. Let f be q(23). What is the units digit of (2/f)/((-2)/j)?
7
Let z(v) = 2*v**2 + 6*v - 2. Let i be z(4). Suppose -5*o - 9 = -i. Let k = o - 2. What is the units digit of k?
7
Let r be (1*(2 - 2))/1. Suppose -3*k - 4*p - 5 = r, 0 = -2*k + 4*p + 6 - 36. Let a = 1 - k. What is the units digit of a?
8
Suppose 2*r = -4*g - r + 379, -r - 294 = -3*g. What is the units digit of g?
7
Let d be 4/(-26) - 93/(-13). Let s = -7 + d. Suppose s + 5 = l. What is the units digit of l?
5
Suppose -2*v = v - 99. What is the tens digit of v?
3
Let j = -8 - -7. Let h be 1 - (j + 2/(-2)). What is the tens digit of (h - 4 - 9)/(-1)?
1
Suppose -g - 4*n = -22, -4*n = 3*g - 80 + 30. Let k be 4/g + 795/35. Suppose 2 = -3*y + k. What is the units digit of y?
7
Suppose -578 = -15*t + 847. What is the tens digit of t?
9
Suppose 3*w + w - 4 = 0. Let i(q) = -q**3 + 5*q**2 - 2*q + 3. Let t be i(3). What is the units digit of t*(2/w)/2?
5
Let k(a) = -a**3 + 5*a**2 + 2*a + 4. Let p = -3 - -8. What is the tens digit of k(p)?
1
Let l(n) = 4*n**2 + 6*n - 1. Let c(t) = -2*t**2 - 3*t. Let k(i) = 5*c(i) + 3*l(i). What is the units digit of k(2)?
1
Suppose 2 = -5*f - 8. Let r be f/9 - (-254)/9. Suppose r = 2*x + 2*x. What is the units digit of x?
7
Suppose -3*c + 480 = c. Suppose 0*z + 2*z = c. Suppose -4*o = 4*k - z, 0 = 2*o - 3*k - 0 - 5. What is the units digit of o?
0
Let g be 3/(-2)*(-1 + -1). Suppose g*n - 21 = -0*n. What is the units digit of n?
7
Let o(b) = b**3 - 4*b**2 + b + 1. Let r be o(4). Suppose -r*g - 1 = -6. What is the units digit of g?
1
Let q(o) = o**2 - 2*o - 7. Let g be q(5). Let c = 2 + g. What is the tens digit of c?
1
Let j = -20 - -161. What is the units digit of j?
1
Let i(a) be the third derivative of -a**5/60 + 13*a**3/2 - a**2. What is the units digit of i(0)?
9
Let x(f) = 2 + 0 - 3 + 3*f. Let o be x(1). Suppose -o = q - 12. What is the units digit of q?
0
Suppose 2*q - 14 = -2*f, 2*q - 24 = -0*q - 4*f. Suppose -5*t + 43 = 2*m, -q*t + 118 = 7*m - 2*m. What is the tens digit of m?
2
Suppose 0 = y + 2*y + 162. Let o = 98 + y. What is the units digit of (-64)/(-11) + 8/o?
6
Suppose -t - 516 = -7*t. What is the units digit of t?
6
Let z be ((-20)/(-8) - 3)*-64. Let q = -22 + z. What is the units digit of q?
0
Let v(q) = -q**2 + 7*q + 5. Let y be (-3)/(-3) + 2 + -12. Let l = y - -15. What is the tens digit of v(l)?
1
Let p(k) = 2*k + 1. Suppose -3*y + 6 = -2*y. What is the tens digit of p(y)?
1
Let d = -203 + 127. What is the units digit of (-48)/32*d/6?
9
Let w = -2 + 8. Suppose -s - w = -9. What is the units digit of 1*s - 0/5?
3
Let i(v) = v**2 + 3. Let z be 4/6 - 10/15. Let m be i(z). Suppose -50 = -5*f - j, -m*f + 6*j - j = -30. What is the tens digit of f?
1
Let m(t) = 9*t - 1 - 3 + 5 - 10*t. What is the units digit of m(-14)?
5
Suppose 3*u = -5*r + 64 + 742, 4*r - 650 = -5*u. What is the tens digit of r?
6
Suppose -1135 = -9*f - 316. What is the tens digit of f?
9
Let u = -24 - -42. What is the tens digit of u?
1
Let b(c) be the second derivative of -c**5/20 - 2*c**4/3 + 7*c**3/6 - 13*c**2/2 - 3*c. What is the units digit of b(-9)?
5
Suppose -20 = -5*l, 3*q - 4*l - 52 = 10. What is the tens digit of q?
2
Let u(v) = v + 1. Let h be u(0). Let b = h - -7. What is the units digit of b?
8
Let z(q) = q**3 + 2*q**2 + q + 61. What is the units digit of z(0)?
1
Suppose -x = -d + 53, 235 = 3*d + 2*d + x. What is the tens digit of d?
4
Let w(o) be the second derivative of o**3/6 - 3*o**2 + o. What is the units digit of w(8)?
2
Let s = 9 - 4. Suppose -s*g = 3*d - 22, 2*g = g - d + 6. What is the units digit of g?
2
Let h(j) = -j**2 - 3*j + 5. Let m be h(6). Let k = -27 - m. Let r = -14 + k. What is the units digit of r?
8
What is the hundreds digit of -10 - -12 - 825/(-3)?
2
Suppose 6*t - 8 = 22. What is the units digit of t?
5
Let o(j) = j**3 - 7*j**2 - 2. Let f be o(5). What is the units digit of f/(-3)*6/4?
6
Let n(w) = -w**3 - w**2 + w - 3. Let b be n(-3). Suppose 4*k + 4*q = b, -3*q - 2*q - 13 = k. What is the units digit of k?
7
Suppose -q + b = -131, 5*q - b - 673 = -5*b. What is the hundreds digit of q?
1
Let c = -12 + 33. Let n = 36 - c. What is the units digit of n?
5
Suppose -4*k = -2*h - 30, k + 0 - 5 = h. Suppose 0*r = 2*r - k. What is the units digit of r?
5
Suppose -13*x + 2*x = 77. Let u = 64 + -43. Let s = u + x. What is the units digit of s?
4
Suppose l - 44 = -l - 5*c, -3*l = 2*c - 44. Let w be ((-4)/l)/(1/(-6)). Suppose -5*m - 47 - 1 = -w*p, 48 = 4*p + 2*m. What is the tens digit of p?
1
Let x(u) = u**3 + 36. Suppose 0 = -n - w, -w = 2*w. What is the units digit of x(n)?
6
Let s = 168 + -117. What is the tens digit of s?
5
Let p(d) = -d**3 + 6*d**2 + 8. Let c be p(6). Suppose 0 = -2*t + c + 6. What is the units digit of t?
7
Let u(a) = -a - 2*a - 5 + 7*a**2 - 6*a**2. What is the units digit of u(6)?
3
Let j(w) = w**3 - 14*w**2 + 24*w + 1. What is the units digit of j(12)?
1
Let s(t) = -t**2 + t + 44. Let a be s(0). Suppose 0 = 4*d + 4*m - a, 3*d - 3*m = -d + 58. What is the tens digit of d?
1
Let q(f) = -f**2 - 7*f - 5. Let w be q(-4). Let t be (2 - 0)*(w + -12). What is the units digit of t/45 + 274/18?
5
Suppose -3*p + 5*q + 222 = -53, -293 = -3*p - 4*q. What is the tens digit of p?
9
Let w(n) = -2*n + 40 - 2*n**2 + 0*n**2 - 17. What is the units digit of w(0)?
3
Let v(f) be the third derivative of -5*f**4/8 - 5*f**3/6 + 2*f**2. What is the tens digit of v(-3)?
4
Suppose 3*d = 4*r - 5, 2*r = -0*d + 2*d + 2. Suppose 0 = -q + 3*b - r, -q = 2*b - 8. What is the units digit of q?
4
Let y(k) = 4*k**2 - 3*k - 30. What is the hundreds digit of y(-8)?
2
Let a be (-380)/(-6) + (-2)/6. Suppose -1 = -2*y + a. Suppose 0*j = -4*j + y. What is the units digit of j?
8
Let h = -93 + 141. What is the units digit of h?
8
Let w be 181/4 + 2/(-8). Suppose -45 = -4*h - 3*d - 0*d, 2*h = 3*d + w. What is the tens digit of h?
1
Suppose -22 + 2 = 5*n. Let o be n/(-18) - (-215)/45. Suppose 0 = -4*l - k + 23, 10 + 0 = 5*l - o*k. What is the units digit of l?
5
Let l(z) = z**3 + 19*z**2 + 19*z + 15. Let x be l(-18). What is the units digit of (-3)/(-1) - (-46 + x)?
2
Suppose 2*l - 4*l = -2*m + 236, 0 = -4*m + 5*l + 476. What is the hundreds digit of m?
1
Suppose -83 = -5*z - b, 6 = -2*b + 4*b. Suppose 4*h - z = -4*g, -2*g + 0*g + 3*h + 33 = 0. What is the units digit of 30/g*(-9)/(-6)?
5
Suppose -4*l + 78 = -2*l. Suppose 4*j - l = j. What is the units digit of j?
3
Let z(k) = k**2 - 5*k + 5. Let o be z(5). Suppose o*w - 4*n - 3 = 0, -3 = -n - 0. Suppose 10 = -l + 3*h, 4*l + 0 = w*h - 4. What is the u